 x, -a = 5*l - 37. What is the greatest common factor of 2 and l?
1
Let p(m) = 23*m - 851. Let i be p(39). What is the greatest common divisor of i and 2?
2
Let q(p) = 11*p**2 - 13*p - 762. Let y be q(-38). What is the greatest common factor of 732 and y?
244
Let y = 46 - 41. Suppose 0*p - p + 2*x = 89, -x = -y*p - 400. Let r = p - -160. Calculate the greatest common divisor of 27 and r.
27
Suppose -2 = -h + 1. Let r(n) = -n**3 - n**2 - n + 141. Let c be r(0). Let l be c/h + 2 - 2. Calculate the greatest common divisor of 94 and l.
47
Let i be (5 - -6 - -1307) + 1/(5/(-10)). Calculate the highest common divisor of i and 42.
14
Suppose 0 = -21*u + 42*u - 24*u + 21075. Calculate the highest common factor of 75 and u.
25
Let n be (-7 - -12) + -3 - 1. Let g be n*-78*24/(-16). What is the greatest common divisor of g and 36?
9
Let b(o) = -o**3 - 9*o**2 - 3*o - 2. Let m be b(-9). Let t(p) = -2*p**3 + 66*p**2 + 70*p - 43. Let y be t(34). What is the highest common divisor of y and m?
25
Let t(z) = 62*z + 998. Let p be t(53). What is the highest common factor of 17 and p?
17
Let u be (-2)/11 + (-41370)/(-55). Suppose 0 = g + f - 22, -3*g + 434*f = 449*f - 138. Calculate the greatest common divisor of g and u.
16
Suppose -3*k + 4*k + b = 4, -10 = -5*k - 3*b. Let t be -62*(k/(-2) - 1). What is the greatest common factor of 899 and t?
31
Let x be 1 + -1 + (-24)/6. Let d be 52 + x*(-3 + 20/5). Calculate the greatest common factor of 384 and d.
48
Suppose -2 = -7*n + 6*n. Let t be (n/4)/((-84)/(-28224)). Calculate the greatest common divisor of t and 126.
42
Let w(k) = -21*k + 62. Let a be w(-14). Suppose 0 = 2*p + a - 482. Calculate the greatest common divisor of p and 7.
7
Let g(f) be the third derivative of -f**6/120 - 2*f**5/15 - 7*f**4/12 - 3*f**3/2 - 45*f**2. Let m be g(-6). Calculate the greatest common divisor of 5 and m.
1
Suppose 2*c - 22 = -4*m, 0*m = 3*m. Suppose 1056 = -4*g - 48. Let d = -188 - g. What is the highest common divisor of d and c?
11
Let z = -23 - -31. Suppose 5*h + 44 = -r, 5*h + r - 3*r = -32. Let d be (-16)/(-6) + h/(-6). Calculate the highest common divisor of d and z.
4
Let k = -322 + 368. Suppose -10*o + 186 - k = 0. What is the greatest common divisor of 126 and o?
14
Suppose u + 4*s - 267 = 0, 5*u + 167 = -2*s + 1448. Suppose f - 8 = 7. What is the greatest common factor of u and f?
15
Let c(b) = 173*b + 567. Let l be c(13). What is the highest common factor of 88 and l?
88
Let w = 6311 + 1521. What is the highest common divisor of 88 and w?
88
Let l be (-561)/(-102)*(-20)/(-11) - -165. What is the greatest common factor of l and 1435?
35
Suppose 2*p = -n + 1, n - 5*p - 4 + 3 = 0. Let y be (10 - (9 + 0))*1. Calculate the greatest common divisor of n and y.
1
Let x(d) = -d**3 - 34*d**2 - 71*d + 72. Let r be x(-32). Let s = 346 - r. What is the greatest common factor of s and 325?
25
Suppose -2*s - 6 = 0, -70*s = 2*a - 69*s - 27. Calculate the highest common divisor of a and 1115.
5
Let w be (20/(-7))/(89/(-29281)). Calculate the highest common divisor of 260 and w.
20
Let c(w) = 53. Let o(b) = -b - 2. Let i(t) = -c(t) - 3*o(t). Let s be i(23). Calculate the highest common divisor of s and 176.
22
Let p(a) = 398*a**2 + 35*a + 17. Let o be p(-2). What is the greatest common factor of 108 and o?
27
Suppose -139*y = -52*y - 47214 - 33870. Calculate the greatest common divisor of 84 and y.
4
Suppose -k + 1013 = 5*y, -16*y + 14*y + 2*k + 410 = 0. What is the greatest common divisor of y and 42?
7
Let n(r) = 6*r + 1. Let f be n(-2). Suppose -12 = -8*g - 4. Let p be 4/22 - 97*g/f. What is the greatest common divisor of 99 and p?
9
Let i be -37 - (-30 - 1) - (1 + -1*122). Calculate the greatest common divisor of i and 1840.
115
Suppose -3 = 2*n - 2*p + 1, 2*n + 5*p = 10. Suppose -o + 7 = -5*a + 121, -a + 5*o + 42 = n. What is the greatest common divisor of 4 and a?
2
Let j = -163 + 185. Suppose j*n - 5771 = -601. What is the greatest common factor of n and 5?
5
Suppose -8 - 104 = -7*b. Suppose -44 = -b*v + 12*v. Let a be v/(44/40)*64/5. What is the highest common divisor of 16 and a?
16
Let i be 194*((-15)/10 - -3). Suppose 297*n = i*n + 756. What is the greatest common divisor of 28 and n?
14
Let q(w) = 64*w - 184. Let i(k) = 1. Let v(y) = 5*i(y) + q(y). Let f be v(5). Calculate the greatest common divisor of 94 and f.
47
Suppose 4*s + 3*k = -435, -2*s = 2*s - 2*k + 410. Let q be -51*(-14)/s*-35. Calculate the greatest common factor of 70 and q.
14
Suppose -4*p - r + 7229 = 0, 66 - 1875 = -p - 2*r. Calculate the greatest common divisor of 78 and p.
13
Let t(x) = -8*x + 17. Suppose f = -60 + 51. Let j be t(f). Suppose -159 - j = -8*i. Calculate the greatest common factor of 217 and i.
31
Let g = 417 + -357. Suppose 153 = g*h - 43*h. What is the highest common factor of h and 261?
9
Let d(w) = -w**2 - 86*w - 265. Let i be d(-54). What is the highest common factor of i and 532?
133
Let u be 12 + 440/(-22) - (-3091 + -1). What is the greatest common divisor of u and 36?
12
Suppose 0 = -4*w + t + 276, -w = -6*w - 2*t + 358. Let r = -1 + 1. Let c(n) = n**2 + 2*n + 10. Let j be c(r). What is the highest common factor of j and w?
10
Suppose 4*o - 494 + 156 = -2*l, 0 = -5*o + 5*l + 415. Calculate the highest common divisor of o and 1316.
28
Let r = -1726 + 1790. Calculate the highest common divisor of 5056 and r.
64
Let z(v) = -96*v**2 + 1409*v - 7. Let s be z(9). Calculate the highest common factor of 948 and s.
158
Suppose 2*g + 0 - 12 = -4*p, -g = 3*p - 5. Let m be 53816/448 + (-1)/g. Calculate the highest common factor of m and 40.
40
Let s(x) = 5*x**3 - x - 3. Let m be s(3). Suppose -9 = -3*d - m. Let l = 46 + d. Calculate the highest common divisor of l and 12.
6
Let y(m) = m - 13. Suppose -53 = -4*l - 1. Let s be y(l). Let c(g) = -g**2 - g + 242. Let w be c(s). What is the greatest common divisor of w and 22?
22
Suppose -4*x = x - 305. Suppose 0 = -2*k + c - 6 + 84, -k = 5*c - x. What is the greatest common factor of k and 123?
41
Let z be (-308)/21*(-6)/4. Let b = z - 22. Suppose -a + 460 = -b*a. Calculate the highest common divisor of a and 46.
46
Let t(d) = 12 + 3 - 11*d - 248*d**2 + 249*d**2. Let k be t(11). Let b = 32 - 17. What is the highest common factor of k and b?
15
Let t be (5/6)/(235/141)*10508. What is the greatest common divisor of 37 and t?
37
Let y(d) = 2*d**2 - 15*d + 60. Let f(z) = z**3 + 7*z**2 - 9*z + 2. Let u be f(-8). Let s be y(u). Calculate the highest common divisor of s and 154.
22
Let y(s) = 20*s**2 + 54*s + 7. Let o be y(-7). What is the greatest common factor of 63 and o?
21
Let p(l) = -3*l**3 - 3*l + 8. Let u be p(0). What is the greatest common factor of u and 2072?
8
Let f(d) = d**3 - 4*d**2 + 5*d - 2. Let k be f(5). Let x = -421 - -437. What is the highest common divisor of k and x?
16
Suppose 60 = 2*r + r. Let g be 108/2*r/15. Let n = -319 - -367. Calculate the highest common factor of g and n.
24
Suppose -5*x + 20037 = 3632. What is the highest common factor of 34 and x?
17
Let o be 52/(-5) - 74/(-185). Let s(g) = -2*g + 16. Let f be s(o). Let u be 1/1*1*9. What is the highest common factor of f and u?
9
Suppose 3*z - 4*k = 1876, 1362 = 2*z - 3*k + 109. What is the highest common factor of 99 and z?
11
Suppose -6 - 10 = -4*p. Let j = -14182 - -14186. What is the greatest common divisor of j and p?
4
Let s be (-3)/(15/2) + (-5963)/(-445). Suppose -s*b + 15*b = 850. Calculate the highest common factor of b and 75.
25
Suppose -12 = -0*i - 2*i. Let u = -699 - 8. Let q = u + 713. Calculate the greatest common divisor of i and q.
6
Let n = -4012 - -4204. Calculate the greatest common factor of n and 564.
12
Suppose 1056 = -44*m + 47*m. Calculate the highest common factor of 2024 and m.
88
Let u = 2481 + -2247. Calculate the greatest common divisor of 13 and u.
13
Let i be 10746 + 65/(-20)*-4 + -5. What is the highest common divisor of i and 57?
19
Suppose 2*l - 4*k - 26 = 0, 117*k - 53 = -5*l + 121*k. Let j = 52 + -16. Suppose 0 = 3*g - 0*g - j. What is the greatest common factor of g and l?
3
Let s = -7 + 1. Let h(b) = b + 8. Let l be h(s). Let a = 115015 + -114993. Calculate the greatest common factor of a and l.
2
Suppose y - 353 = 1139*q - 1141*q, -2*y + 2*q = -712. Calculate the highest common 